3324 (base 7) in base 9?
-23353
Convert 24163 (base 10) to base 3.
1020010221
Convert -131470 (base 8) to base 7.
-250522
Convert 1322114 (base 5) to base 7.
140234
What is -24131 (base 5) in base 8?
-3377
Convert 11122110 (base 3) to base 10.
3387
What is 33a (base 13) in base 3?
202121
Convert -7b4 (base 12) to base 7.
-3223
What is 11764 (base 8) in base 13?
242c
What is -28785 (base 9) in base 2?
-100110010001110
Convert -1209 (base 12) to base 2.
-11111101001
-20322 (base 4) to base 8
-1072
What is -30662 (base 7) in base 14?
-2a69
What is -285a (base 11) in base 4?
-321233
What is 460 (base 11) in base 5?
4200
Convert 10129 (base 10) to base 3.
111220011
Convert -119d (base 16) to base 14.
-1901
-35579 (base 11) to base 4
-30201011
a675 (base 11) to base 15
42b3
24024 (base 6) to base 14
13a0
Convert 10103 (base 4) to base 16.
113
What is -5167 (base 9) in base 5?
-110122
17863 (base 9) to base 5
343434
What is -58d4 (base 15) in base 9?
-27801
What is 2300 (base 5) in base 8?
505
Convert -566 (base 10) to base 14.
-2c6
Convert 87c (base 14) to base 15.
76d
-100100110111010 (base 2) to base 9
-27801
1405 (base 16) to base 2
1010000000101
-681 (base 11) to base 4
-30233
-123125 (base 8) to base 6
-525045
Convert 21202 (base 3) to base 16.
d1
Convert -12422 (base 7) to base 8.
-6343
449e (base 16) to base 7
102133
What is 2599 (base 14) in base 12?
39a3
Convert -12133033 (base 4) to base 6.
-323011
What is -32976 (base 12) in base 13?
-24699
-f16 (base 16) to base 11
-29a1
Convert 61662 (base 8) to base 7.
134260
What is -e3 (base 15) in base 8?
-325
14111 (base 5) to base 14
5c8
Convert -10101231 (base 5) to base 7.
-456303
Convert -1338 (base 12) to base 10.
-2204
-403 (base 13) to base 14
-367
What is 11740 (base 9) in base 13?
3792
Convert -5401 (base 6) to base 2.
-10011001001
4c2d (base 15) to base 3
211021121
Convert -10010000110010 (base 2) to base 8.
-22062
What is 147 (base 8) in base 16?
67
-3622 (base 9) to base 10
-2693
-12053 (base 8) to base 16
-142b
What is -1145200 (base 6) in base 12?
-2b200
What is 104 (base 15) in base 11?
199
What is 1a83 (base 13) in base 11?
3001
839 (base 11) to base 10
1010
What is 33121 (base 4) in base 16?
3d9
What is -52154 (base 6) in base 7?
-26233
Convert -1110101 (base 4) to base 5.
-133033
Convert 4644 (base 9) to base 15.
1047
What is 2407 (base 8) in base 14?
67d
-22542 (base 11) to base 7
-164013
Convert 24520 (base 6) to base 2.
111001000000
What is 24d (base 15) in base 14?
295
Convert -1101011101111 (base 2) to base 13.
-31a5
What is 18b6 (base 15) in base 8?
12342
-4511 (base 8) to base 2
-100101001001
Convert 12ca (base 13) to base 9.
3631
Convert -1236 (base 10) to base 11.
-a24
What is -13147 (base 10) in base 15?
-3d67
Convert -707 (base 16) to base 3.
-2110122
Convert -522 (base 10) to base 2.
-1000001010
Convert -212 (base 7) to base 10.
-107
What is -114e (base 16) in base 5?
-120210
1045 (base 11) to base 4
111210
Convert -210 (base 14) to base 16.
-196
What is -2ac (base 14) in base 5?
-4134
155567 (base 8) to base 5
3244213
874 (base 12) to base 5
14430
Convert 2310 (base 16) to base 3.
110022110
Convert -244 (base 5) to base 6.
-202
132 (base 14) to base 5
1430
Convert -8133 (base 10) to base 9.
-12136
Convert 247 (base 16) to base 5.
4313
Convert 2055 (base 6) to base 12.
32b
Convert a463 (base 13) to base 3.
1011011202
Convert -346 (base 13) to base 16.
-235
Convert 9b (base 12) to base 8.
167
210210 (base 3) to base 11
495
Convert -11b2a (base 14) to base 6.
-532414
Convert 6f9c (base 16) to base 6.
340140
Convert -302130 (base 4) to base 8.
-6234
Convert -bae (base 15) to base 13.
-1280
-7a23 (base 12) to base 15
-4043
643 (base 9) to base 10
525
What is -2133103 (base 4) in base 10?
-10195
44731 (base 8) to base 9
27835
What is 100000110101 (base 2) in base 3?
2212211
What is -252035 (base 6) in base 2?
-101011111010111
Convert -12020213 (base 4) to base 15.
-76a2
-1461 (base 7) to base 12
-406
Convert aa6 (base 11) to base 4.
110232
What is -35552 (base 6) in base 5?
-131210
Convert -21004 (base 6) to base 11.
-2127
11001100010111 (base 2) to base 4
3030113
Convert 110100220 (base 3) to base 14.
33dd
What is 482 (base 11) in base 7?
1450
Convert 1011011011010110 (base 2) to base 12.
23106
Convert 11 (base 7) to base 16.
8
Convert -14947 (base 10) to base 11.
-10259
Convert 1130 (base 8) to base 6.
2440
3bb5 (base 13) to base 16
2196
226 (base 8) to base 3
12120
Convert -6287 (base 15) to base 4.
-11011123
Convert -1111011000100000 (base 2) to base 9.
-105378
-551 (base 8) to base 9
-441
What is -2223003 (base 4) in base 9?
-16013
Convert 522 (base 6) to base 8.
302
968 (base 11) to base 15
528
-304202 (base 5) to base 3
-111121200
-111110100101011 (base 2) to base 16
-7d2b
What is -3b8 (base 12) in base 11?
-480
What is -1013110 (base 6) in base 14?
-13a26
What is -102244 (base 6) in base 9?
-12351
Convert 41101 (base 7) to base 15.
2e67
What is -10320 (base 8) in base 5?
-114204
What is 100110010001010 (base 2) in base 6?
230414
What is 2120101 (base 3) in base 8?
3521
What is 40 (base 14) in base 4?
320
What is -a6 (base 16) in base 13?
-ca
What is -311322 (base 4) in base 6?
-23550
What is 12023 (base 4) in base 14?
203
Convert 2599 (base 13) to base 12.
3131
Convert 5865 (base 9) to base 7.
15455
Convert -5b4 (base 14) to base 5.
-14023
Convert -2111301 (base 4) to base 6.
-112213
1558 (base 13) to base 9
4241
-31523 (base 6) to base 2
-1000011001011
423 (base 12) to base 8
1133
2172 (base 9) to base 11
1229
What is -412 (base 12) in base 11?
-497
What is -100000000110111 (base 2) in base 8?
-40067
Convert -670 (base 8) to base 3.
-121022
Convert -200 (base 15) to base 8.
-702
Convert 19a (base 12) to base 9.
321
680a (base 12) to base 8
26412
What is 1645 (base 11) in base 8?
4072
-532 (base 9) to base 11
-365
42132 (base 5) to base 13
136a
Convert -1200103 (base 4) to base 8.
-14023
What is 83 (base 11) in base 6?
231
Convert -26b5 (base 16) to base 5.
-304114
-b89 (base 12) to base 5
-23224
What is 143356 (base 7) in base 16?
6bec
What is 39761 (base 10) in base 6?
504025
Convert -2aa8 (base 15) to base 6.
-110222
What is 111110110 (base 2) in base 7?
1315
Convert -1904 (base 14) to base 9.
-6163
1123011 (base 4) to base 14
21a5
What is 1568 (base 13) in base 15?
dd8
Convert -3756 (base 14) to base 16.
-25d0
Convert -975 (base 11) to base 15.
-531
Convert -185 (base 14) to base 7.
-625
-1011120 (base 4) to base 8
-10530
What is -23c0 (base 15) in base 7?
-31113
4133 (base 5) to base 8
1037
Convert -a10 (base 13) to base 6.
-11515
Convert 282 (base 11) to base 12.
238
What is 23ec (base 16) in base 7?
35545
What is -20237 (base 8) in base 15?
-271b
-33272 (base 9) to base 16
-5651
Convert -577b (base 13) to base 8.
-27756
What is -5080 (base 16) in base 3?
-1001021021
-111000211 (base 3) to base 14
-3667
Convert 201120 (base 3) to base 9.
646
What is -231 (base 5) in base 15?
-46
4178 (base 16) to base 11
11657
What is -13305 (base 8) in base 15?
-1ad9
What is 101001010111 (base 2) in base 11?
1a97
What is 6455 (base 9) in base 8?
11214
What is -4127 (base 9) in base 14?
-115c
269 (base 15) to base 12
399
What is -10322 (base 8) in base 9?
-5814
What is 11518 (base 10) in base 11?
8721
What is 7b8 (base 12) in base 10?
1148
What is -1e (base 16) in base 15?
-20
What is -164 (base 16) in base 10?
-356
-54 (base 11) to base 15
-3e
What is 34011 (base 6) in base 14?
1a3d
-501 (base 6) to base 5
-1211
-72aa (base 12) to base 15
-3a94
Convert 1bad (base 15) to base 7.
23350
What is 42440 (base 5) in base 15?
cb5
What is fa (base 16) in base 9?
307
2122331 (base 4) to base 13
468b
Convert -7063 (base 11) to base 5.
-300021
What is 10330330 (base 4) in base 6?
233524
Convert 24502 (base 8) to base 3.
112111012
Convert -3a6 (base 12) to base 7.
-1425
What is -63 (base 13) in base 8?
-121
-247 (base 11) to base 16
-125
What is -1db4 (base 14) in base 8?
-12512
What is -1166 (base 7) in base 5?
-3230
-492b (base 12) to base 9
-12268
-10111001101011 (base 2) to base 9
-17263
100430 (base 5) to base 10
3240
Convert -160663 (base 8) to base 2.
-1110000110110011
Convert -456 (base 13) to base 8.
-1353
-12211120 (base 3) to base 16
-109e
Convert 20002 (base 6) to base 16